
Let g(h) = -h**2 - 8*h - 22. Give g(-4).
-6
Let s(b) = b - 21. Determine s(10).
-11
Let k(q) = -q**2 - 5*q + 4. Give k(-7).
-10
Let r(a) = a**3 - 5*a**2 - 7*a + 10. Determine r(6).
4
Let x(m) = m**2 - 2*m + 5. Give x(4).
13
Let r(h) = -h**2 - h - 5. Calculate r(0).
-5
Let x(w) = -41*w - 200. Give x(-5).
5
Let d(p) = -p**2 + 36*p + 88. Calculate d(38).
12
Let n(t) = -2*t**2 - 22*t - 27. What is n(-10)?
-7
Let m(j) = j**3 - 6*j**2 - 2*j. Give m(6).
-12
Let i(g) = g**3 - 2*g**2 - 30. What is i(4)?
2
Let s(w) = -w**2 + 25*w - 37. What is s(24)?
-13
Let i(n) = -n**3 + 5*n**2 - 2*n + 4. Determine i(5).
-6
Let a(g) = g**3 + 4*g**2 + 4*g + 9. Determine a(-4).
-7
Let i(z) = -z**3 - 7*z**2 - 5*z + 2. What is i(-4)?
-26
Let y(k) = -k**3 + 5*k**2 + 2*k + 2. Calculate y(5).
12
Let n(g) = g - 3. Give n(0).
-3
Let j(v) = v**2 + 8*v + 3. Give j(-6).
-9
Let x(r) = r**3 + 3*r**2 - 4*r - 14. Determine x(-2).
-2
Let v(j) = -j**3 + 5*j**2 - 9*j + 4. What is v(4)?
-16
Let t(s) = -14*s + 2. Calculate t(3).
-40
Let m(w) = 2*w**2 - 4*w + 7. Determine m(-6).
103
Let y(c) = 6*c - 155. Give y(26).
1
Let c(z) = z**2 - 13*z + 12. What is c(12)?
0
Let x(g) = -g**2 - 2*g + 1. What is x(-3)?
-2
Let s(o) = o - 20. Calculate s(0).
-20
Let q(o) = -4*o**3 + 3*o**2 - o. Determine q(2).
-22
Let t(f) = 5*f - 5. Calculate t(7).
30
Let a(i) = -i**3 - 10*i**2 + 13. Give a(-10).
13
Let c(d) = d**2 - d - 17. Determine c(-4).
3
Let b(o) = o**3 + 5*o**2 - 7*o + 5. Determine b(-6).
11
Let h(u) = -12*u + 29. Calculate h(-9).
137
Let i(c) = -27*c - 3. Calculate i(-1).
24
Let m(u) = -2*u + 44. What is m(14)?
16
Let p(z) = -z**3 + 5*z**2 + 49*z + 17. Calculate p(10).
7
Let g(p) = p - 5. Determine g(12).
7
Let q(s) = 10*s**2 + 2*s - 1. What is q(2)?
43
Let x(s) = -s**2 - 26*s - 28. Determine x(-27).
-55
Let s(b) = -b**2 - 5*b + 30. Determine s(12).
-174
Let w(n) = n + 16. Give w(-11).
5
Let z(t) = -9*t. What is z(-3)?
27
Let u(j) = -j**3 + 2*j**2 + 21*j - 3. Give u(6).
-21
Let p(j) = j + 6. Calculate p(0).
6
Let r(l) = 2*l**2 - 2*l - 6. What is r(2)?
-2
Let w(h) = -2*h**3 - 4*h**2 - 7*h - 5. Give w(-1).
0
Let g(i) = -13*i - 7. Determine g(0).
-7
Let l(c) = 54*c**3 - 4*c - 5. Calculate l(-1).
-55
Let h(z) = z**3 + 2*z**2 + 1. Give h(-2).
1
Let c(p) = 2*p**3 + p**2 + 2. What is c(2)?
22
Let v(r) = -3*r**3 - r**2 + 4*r. What is v(-2)?
12
Let g(a) = a**2 + 5*a + 5. What is g(-4)?
1
Let r(z) = -8*z - 72. What is r(-17)?
64
Let o(z) = 21*z - 579. Determine o(27).
-12
Let m(q) = 2*q**2 - 2*q + 1. What is m(1)?
1
Let z(x) = -x**3 + 10*x**2 - 24*x + 11. Calculate z(7).
-10
Let t(q) = 10*q - 296. Determine t(30).
4
Let p(t) = 15*t**3 - t**2 + 1. Calculate p(-1).
-15
Let u(f) = -f + 14. Determine u(8).
6
Let v(y) = -y**3 + 6*y - 9. Give v(-3).
0
Let h(j) = -j**3 - 11*j**2 + 13*j + 17. What is h(-12)?
5
Let y(l) = -l**3 - l**2 + 4*l - 1. Calculate y(-3).
5
Let a(z) = z**3 - 8*z**2 - 1. Determine a(8).
-1
Let k(t) = -t**3 - 10*t**2 - 8*t. What is k(-9)?
-9
Let w(h) = -h**3 - h**2 - 1. What is w(-2)?
3
Let f(n) = -n**3 + 6*n**2 - n + 1. Determine f(4).
29
Let s(b) = b**2 - 9*b - 52. What is s(10)?
-42
Let s(m) = m**2 - 3*m - 10. Determine s(5).
0
Let f(a) = 2*a - 74. What is f(27)?
-20
Let a(b) = b**2 - 5*b + 41. Calculate a(0).
41
Let t(d) = -2*d**3 - 15*d**2 + 12*d + 10. Determine t(-8).
-22
Let c(k) = k**3 + 10*k**2 - 2*k - 37. Give c(-10).
-17
Let h(t) = -t**3 - t**2 + 7*t + 7. What is h(3)?
-8
Let x(f) = f**3 - 8*f**2 + f - 14. Determine x(8).
-6
Let j(y) = y**2 + 3*y - 2. Determine j(-6).
16
Let o(t) = t + 5. What is o(-7)?
-2
Let h(q) = -q**3 - q**2 - 11*q + 11. Determine h(5).
-194
Let h(g) = g**3 + 13*g**2 + 10*g - 27. What is h(-12)?
-3
Let w(n) = -n**3 - 3*n**2 - 4*n - 9. What is w(-3)?
3
Let s(t) = 2*t**2 + 21*t - 5. Determine s(-11).
6
Let r(p) = -p**3 + 8*p**2 + 5. Calculate r(4).
69
Let w(s) = 2*s**3 - 35*s**2 + 18*s - 11. Calculate w(17).
6
Let h(m) = -22*m**2 + 3*m - 7. Give h(2).
-89
Let l(s) = -2*s**3 + 4*s**2 + 3*s + 3. Give l(3).
-6
Let r(l) = -2*l**2 - 5*l + 6. What is r(-4)?
-6
Let c(i) = i**2 - 5*i + 1. Calculate c(10).
51
Let d(x) = -2*x**2 - 30*x + 10. What is d(-15)?
10
Let j(u) = -u**2 - 7*u + 1. Calculate j(-2).
11
Let p(t) = -2*t**2 - 5*t - 3. What is p(-3)?
-6
Let b(u) = -14*u. Calculate b(-1).
14
Let d(c) = -2*c + 3. Determine d(2).
-1
Let v(r) = -19*r + 2. What is v(1)?
-17
Let m(s) = -2*s**3 - 13*s**2 + 7*s - 9. Give m(-7).
-9
Let f(r) = -r + 72. Determine f(-27).
99
Let u(m) = -4*m + 76. Give u(20).
-4
Let i(g) = g**3 - 2*g**2 - 9*g + 9. Give i(3).
-9
Let i(a) = -a**3 + 8*a**2 + 4. Determine i(8).
4
Let d(u) = u + 30. Calculate d(-31).
-1
Let v(a) = -a - 9. What is v(-9)?
0
Let t(p) = 5*p + 21. What is t(-5)?
-4
Let l(j) = -94*j - 1415. Calculate l(-15).
-5
Let f(g) = g**3 - 24*g**2 - 50*g - 60. Determine f(26).
-8
Let v(x) = x**2 + 13*x - 13. Calculate v(-14).
1
Let d(q) = q**3 + 19*q**2 + 19*q + 18. Determine d(-18).
0
Let m(i) = -3*i - 38. Determine m(8).
-62
Let l(y) = 10*y - 19. Calculate l(3).
11
Let d(m) = -6*m - 241. Calculate d(-37).
-19
Let r(b) = 2*b**2 + 42*b + 42. What is r(-20)?
2
Let j(r) = 4*r + 23. Calculate j(-11).
-21
Let y(v) = -v**3 + 16*v**2 - 15*v - 1. Give y(15).
-1
Let f(i) = -558*i + 1110. Give f(2).
-6
Let n(k) = k**3 + 7*k**2 + 9*k - 1. Determine n(-5).
4
Let f(i) = i**3 - 7*i**2 - 4*i - 22. What is f(8)?
10
Let i(l) = 8*l - 149. What is i(21)?
19
Let v(g) = -2*g**2 + 6*g + 8. What is v(6)?
-28
Let m(k) = -74*k**3 - k - 2. Give m(-1).
73
Let h(u) = 5*u**2 - 25*u + 4. Give h(5).
4
Let j(z) = -z**2 + 14*z - 35. Give j(8).
13
Let f(s) = -14*s + 71. Calculate f(6).
-13
Let v(h) = -16*h**2 - 8*h + 7. What is v(1)?
-17
Let c(r) = -4*r - 5. Calculate c(5).
-25
Let y(p) = 8*p - 3. Calculate y(2).
13
Let u(y) = 9*y - 8. Calculate u(-5).
-53
Let t(b) = -b**3 - 7*b**2 - 5*b + 2. Give t(-6).
-4
Let k(x) = x**3 - 23*x**2 - 15. Give k(23).
-15
Let a(o) = 13*o + 724. Calculate a(-55).
9
Let f(x) = -x**3 - 5*x**2 + 17*x - 10. Calculate f(-8).
46
Let m(i) = -3*i**2 - 3*i + 3. Determine m(-3).
-15
Let x(r) = 8*r**2 - 3*r + 4. Give x(2).
30
Let d(r) = 3*r**2 + r - 103. Determine d(-6).
-1
Let t(l) = -47*l**3 + l**2 - 2*l + 1. Determine t(1).
-47
Let d(o) = -47*o + 199. Give d(4).
11
Let o(d) = -d**2 - 7*d - 10. Calculate o(-5).
0
Let o(g) = -g**2 - 6*g + 2. Calculate o(-6).
2
Let l(i) = i**3 + 7*i**2 + 8*i - 1. Determine l(-7).
-57
Let t(h) = -2*h**2 + h + 3. Determine t(-3).
-18
Let c(g) = -2*g**3 + 2*g**2 + 3*g - 1. Give c(2).
-3
Let d(m) = -m + 49. Calculate d(0).
49
Let k(q) = 7*q - 34. Determine k(6).
8
Let x(f) = f**2 - 6*f + 1. Give x(8).
17
Let p(s) = s**3 - 10*s**2 - 11*s + 10. Calculate p(11).
10
Let l(x) = -4*x**2 + 60*x - 117. Give l(2).
-13
Let s(k) = k**2 - 10*k + 7. Give s(9).
-2
Let d(s) = s**2 + 4. Calculate d(-6).
40
Let s(z) = z - 3. Calculate s(4).
1
Let b(x) = x**2 + 9*x + 5. Calculate b(-8).
-3
Let b(m) = m**2 - m - 3. What is b(3)?
3
Let x(c) = c**2 - 2. Give x(-4).
14
Let q(a) = a**3 - 2*a**2 + 2*a - 11. Calculate q(3).
4
Let t(j) = -j**2 - 8*j - 1. Determine t(-8).
-1
Let s(l) = -l**3 + 7*l**2 - 2*l - 8. Determine s(7).
-22
Let z(d) = -2*d**2 - 14*d - 15. Calculate z(-7).
-15
Let j(p) = 5*p + 152. Calculate j(-31).
-3
Let y(t) = -7*t - 26. Determine y(-19).
107
Let i(m) = -m**2 - 5*m + 3. Give i(-5).
3
Let p(i) = i**3 + 3*i**2 - 29*i - 15. Calculate p(-7).
-8
Let i(l) = 16*l - 86. Determine i(5).
-6
Let j(p) = 2*p**3 + 6*p**2 + 49*p + 92. Give j(-2).
2
Let a(z) = z**3 + 2*z**2 + 2*z + 3. Determine a(-2).
-1
Let y(r) = -r**2 + 7*r - 4. What is y(4)?
8
Let m(c) = -c - 13. Determine m(10).
-23
Let h(f) = -5*f**2 - 91*f - 20. Determine h(-18).
-2
Let n(o) = o**3 + 9*o**2 + 10*o + 3. What is n(-8)?
-13
Let b(p) = p**2 + 3*p - 58. Give b(6).
-4
Let a(b) = b - 5. What is a(4)?
-1
Let h(x) = x**2 + 7*x - 4. Determine h(-4).
-16
Let r(m) = -2*m**2 + 7*m + 2. What is r(5)?
-13
Let r(a) = a**3 + 18*a**2 - 18*a + 1. Determine r(-19).
-18
Let w(m) = -m**3 + 3*m**2 - 3*m. Calculate w(2).
-2
Let w(d) = -2*d**3 + 16*d**2 + 13*d + 29. Give w(9).
-16
Let g(o) = o - 25. Determine g(4).
-21
Let s(a) = a**3 + 15*a**2 + 12*a + 20. Determine s(-14).
48
Let j(p) = p - 2. Give j(8).
6
Let s(c) = c**3 + 3*c**2 + c + 5. Give s(-4).
-15
Let m(o) = -o**3 + 7*o**2 